.
16
What is the highest common factor of 27219 and 2967?
129
What is the highest common divisor of 1582 and 1955352?
1582
Calculate the highest common factor of 2046 and 376836.
186
What is the greatest common factor of 135 and 136881?
9
What is the greatest common divisor of 255615 and 30?
15
Calculate the greatest common divisor of 1194 and 157011.
597
What is the greatest common factor of 70 and 7441?
7
Calculate the greatest common factor of 19600 and 107555.
245
What is the greatest common factor of 527440 and 280?
40
What is the greatest common divisor of 341264 and 554?
554
What is the greatest common factor of 12802 and 1591?
37
Calculate the greatest common factor of 354 and 128266.
118
What is the greatest common factor of 1953705 and 1720?
215
Calculate the highest common factor of 117380 and 20.
20
Calculate the greatest common divisor of 21229 and 93223.
923
Calculate the greatest common divisor of 6320 and 112.
16
What is the greatest common factor of 10891 and 6?
1
Calculate the highest common factor of 120 and 881320.
40
What is the highest common divisor of 1 and 554?
1
What is the highest common factor of 3348 and 1783647?
837
Calculate the highest common factor of 17135802 and 613.
613
What is the highest common divisor of 23584 and 1474?
1474
What is the greatest common factor of 285 and 15865?
95
What is the greatest common divisor of 20 and 3685070?
10
What is the greatest common factor of 472 and 1055864?
472
Calculate the greatest common factor of 3589 and 23377.
97
Calculate the greatest common factor of 778490 and 10.
10
What is the highest common divisor of 431568 and 72?
72
What is the highest common factor of 139200 and 116?
116
What is the highest common divisor of 57851 and 181220?
697
Calculate the highest common divisor of 207 and 466992.
207
Calculate the greatest common factor of 1641189 and 2706.
1353
What is the greatest common divisor of 2400 and 239000?
200
Calculate the greatest common divisor of 489349 and 742.
371
What is the greatest common factor of 45290 and 20?
10
Calculate the highest common divisor of 184 and 561683.
23
Calculate the highest common factor of 1887 and 20646.
111
What is the greatest common divisor of 1908725 and 325?
325
Calculate the highest common factor of 148712 and 24.
8
Calculate the highest common factor of 32 and 2770736.
16
Calculate the highest common divisor of 20 and 24655.
5
Calculate the greatest common divisor of 28421 and 291.
97
Calculate the greatest common divisor of 1007 and 76627.
19
What is the highest common divisor of 20516 and 3887?
23
What is the greatest common factor of 99296 and 13456?
464
Calculate the highest common factor of 46752 and 672.
96
What is the greatest common factor of 88 and 56012?
44
Calculate the greatest common factor of 94 and 14899.
47
Calculate the greatest common factor of 124443 and 134499.
1257
Calculate the greatest common factor of 128 and 79.
1
Calculate the highest common divisor of 1336 and 234802.
334
Calculate the greatest common divisor of 5773 and 13052.
251
Calculate the highest common divisor of 126657 and 9.
9
What is the highest common divisor of 586074 and 342?
114
What is the highest common divisor of 3090260 and 136?
68
Calculate the greatest common divisor of 381 and 477.
3
What is the highest common factor of 3030 and 7890?
30
Calculate the greatest common divisor of 578 and 78.
2
Calculate the highest common factor of 4 and 32748.
4
What is the highest common factor of 29 and 1799653?
29
Calculate the greatest common factor of 22503 and 351.
39
What is the greatest common factor of 20116 and 428?
428
What is the highest common factor of 99 and 7700?
11
Calculate the highest common factor of 100 and 48700.
100
What is the highest common divisor of 207 and 832094?
23
What is the highest common factor of 6 and 319350?
6
What is the highest common factor of 48511 and 2363?
139
Calculate the highest common divisor of 1148 and 584824.
164
Calculate the greatest common divisor of 63414 and 13.
13
What is the greatest common factor of 65264 and 48?
16
What is the highest common divisor of 694 and 14921?
347
What is the highest common divisor of 410 and 69413?
41
What is the highest common factor of 51016 and 56?
56
Calculate the greatest common divisor of 241440 and 24.
24
Calculate the highest common factor of 712 and 26072.
8
What is the highest common divisor of 46960 and 2480?
80
What is the highest common divisor of 8 and 55242?
2
What is the highest common factor of 462 and 62634?
66
What is the highest common factor of 330 and 985?
5
What is the highest common divisor of 2455 and 90344?
491
Calculate the greatest common divisor of 936 and 3651804.
468
What is the greatest common divisor of 544 and 1581?
17
What is the highest common factor of 163828 and 1442?
14
Calculate the highest common factor of 139298 and 34.
34
What is the greatest common factor of 1289 and 3187697?
1289
What is the highest common divisor of 636 and 5532?
12
What is the highest common divisor of 160 and 24368?
16
Calculate the highest common divisor of 18023 and 3417.
67
What is the highest common divisor of 2012 and 302?
2
Calculate the highest common divisor of 874 and 1104.
46
What is the highest common factor of 7 and 1580390?
7
What is the highest common factor of 65439 and 6?
3
What is the greatest common divisor of 240 and 9255?
15
Calculate the greatest common divisor of 41250 and 32175.
825
Calculate the greatest common factor of 5133 and 1740.
87
Calculate the highest common divisor of 79629 and 2.
1
What is the greatest common factor of 9015 and 51?
3
Calculate the highest common factor of 349229 and 358.
179
What is the greatest common divisor of 40 and 7460?
20
What is the greatest common divisor of 5424 and 41904?
48
Calculate the greatest common factor of 4713578 and 74.
74
What is the highest common factor of 56175 and 6?
3
What is the highest common factor of 2853 and 1005?
3
Calculate the highest common divisor of 130 and 3445.
65
What is the highest common factor of 8610 and 100?
10
What is the greatest common divisor of 17 and 37660?
1
What is the greatest common factor of 357 and 1197?
21
Calculate the greatest common factor of 53394 and 836.
22
What is the greatest common divisor of 105 and 466347?
21
Calculate the greatest common factor of 123904 and 121.
121
Calculate the highest common factor of 156 and 1974864.
12
Calculate the greatest common divisor of 17854 and 904.
226
What is the highest common divisor of 130302 and 162?
54
Calculate the highest common divisor of 1158140 and 1264.
316
Calculate the highest common divisor of 2786 and 700.
14
What is the highest common divisor of 248 and 1612744?
248
Calculate the highest common factor of 11176 and 635.
127
Calculate the greatest common factor of 252 and 8217468.
252
What is the highest common divisor of 228 and 7125?
57
Calculate the highest common factor of 74074 and 7733.
407
Calculate the greatest common factor of 289696 and 396.
44
What is the greatest common factor of 23 and 1456199?
23
Calculate the highest common divisor of 16054 and 1794.
46
Calculate the greatest common factor of 10 and 22210.
10
Calculate the greatest common factor of 408504 and 48.
24
Calculate the highest common factor of 54410 and 20.
10
What is the greatest common divisor of 380 and 1420?
20
What is the highest common factor of 106 and 3321351?
53
What is the highest common factor of 176 and 8173?
11
What is the highest common factor of 61504 and 64?
64
Calculate the greatest common factor of 69513 and 3944.
493
Calculate the greatest common divisor of 594144 and 2400.
96
Calculate the greatest common factor of 26244 and 3645.
729
Calculate the highest common factor of 87120 and 352.
176
What is the highest common divisor of 25124 and 198?
22
What is the greatest common factor of 133 and 33041?
19
What is the greatest common divisor of 176 and 1166286?
22
What is the greatest common divisor of 13 and 1141998?
13
Calculate the highest common divisor of 31553 and 16819.
139
Calculate the greatest common divisor of 37325 and 347869.
1493
What is the greatest common factor of 72 and 2816?
8
What is the highest common factor of 6485590 and 1076?
538
Calculate the highest commo